 Let k be t - (9/3 - 0). What is the tens digit of k*((-345)/4)/((-18)/(-12))?
1
Suppose -458*k + 501*k - 608837 = 0. What is the thousands digit of k?
4
Let m(c) = 25*c - 6. Let u be (9/15)/(2/20). Suppose 3*z + 0*z - u = 0. What is the units digit of m(z)?
4
Suppose -4*m - 6433995 = -261*m. What is the thousands digit of m?
5
Let x be 6/(-5)*25/(-15). Suppose 3*w = x*p + 835, -3*p + 1946 = 5*w + 567. Suppose -4*o = -311 - w. What is the units digit of o?
7
Let v(h) = 11 + 8 - 3*h - 17 - h. Let j be 1*22/(-6)*3. What is the units digit of v(j)?
6
What is the units digit of 210 + (9 - 2) - 3?
4
Let v = -3081 + 1887. Let i = v + 1740. What is the units digit of i?
6
Let t be (-14)/(7 + 161/(-21)). Suppose 2773 = t*g - 15938. What is the units digit of g?
1
Let u(x) be the first derivative of 13*x**2 + 8*x + 8. Let v be u(-4). Let f = -17 - v. What is the units digit of f?
9
Suppose 43*g - 27039 = 144229 + 279673. What is the ten thousands digit of g?
1
What is the thousands digit of (-1)/((-71)/284 + 8218/32904)?
4
Let v = 1219 - 40. What is the hundreds digit of v?
1
Let j(s) = 28*s - 218. Let p be j(39). Suppose -n = 5*c - 2141, 3*c = c + 4*n + p. What is the tens digit of c?
2
Suppose -4*z - 1438*c = -1437*c - 54544, 27270 = 2*z + c. What is the units digit of z?
7
Let h = 13 + 6. Let x = h + -16. Let l = x + 16. What is the units digit of l?
9
Suppose 3173655 = 72*u - 3*u. What is the tens digit of u?
9
Let c(g) = g**3 + 20*g**2 + 32*g - 25. Let n be c(-17). Suppose 0 = 3*o - n - 161. What is the units digit of o + -35 - 0/(1 + -3)?
8
Let p(z) = 4*z**3 + 77*z**2 + 51*z + 17. What is the tens digit of p(11)?
1
Let t be 1/6 + (-4)/(21 + 3). Suppose -13*s + 9 + 56 = t. Let j = s + 126. What is the hundreds digit of j?
1
Suppose 0 = m - 2*x - 3 - 1, -2*m = 4*x + 16. Let g be (-6*3)/(1/m). Let j = g + -6. What is the units digit of j?
0
Let l = 1136 - -600. What is the hundreds digit of l?
7
Let l(q) = 4*q**2 - 2*q - 6. Let n be l(-2). Suppose -4*s + 34 = -3*t + 9, 0 = -2*s + 2*t + n. Suppose s*a - 392 = -3*a. What is the tens digit of a?
5
What is the units digit of (94416/(-448))/((-58)/(-504) + 2/(-9))?
7
Let z = -1046 - -1469. Suppose -4*p = n - z, 418 = 7*p - 3*p + 2*n. Let q = -25 + p. What is the units digit of q?
2
Let b be 516/108 - (-2)/9. Suppose -b*p + 1828 = -2*x, -x - 1824 = -6*p + p. What is the tens digit of p?
6
Let f = -454 + 455. What is the hundreds digit of (42/(-18) - f)*1386/(-15)?
3
Let s(t) = -2*t + 21. Suppose -10*b + 39 - 9 = 0. Suppose b*p + 4*d + 3 = -22, -2*d + 4 = 0. What is the units digit of s(p)?
3
Let b = 29284 - 20362. What is the thousands digit of b?
8
Suppose 0 = 5*z - y - 41879, 0*z + 16747 = 2*z - 5*y. Suppose 27*b - 3*b = z. What is the hundreds digit of b?
3
Suppose -78*o = -81130 + 22171 - 227691. What is the tens digit of o?
7
Let x(w) = -w**2 - 21*w + 183. Let m(z) = 2*z**2 + 23*z - 184. Let a(r) = 4*m(r) + 5*x(r). What is the hundreds digit of a(18)?
9
Let d = 13 - 11. What is the tens digit of (-3 + (d - 1))*29976/(-48)?
4
Suppose -4*v - 20 = 0, -z = -4*v + 2*v - 12. Suppose 1142 = z*q + 38. Suppose 0 = -5*r - r + q. What is the tens digit of r?
9
What is the thousands digit of (33/(-44))/((-27)/308088)?
8
Suppose -2*v + 3730 = -6*g + 8*g, -g + 1853 = 5*v. Let b = 2646 - g. What is the hundreds digit of b?
7
Suppose 22*y - 118 = -30. Suppose y*f - 3*f = 2*b + 626, f = -b + 638. What is the hundreds digit of f?
6
Let q be (-114)/((-88)/20 - -4). What is the units digit of (-2)/(-15) + 127072/q?
6
Suppose 47*r = 21663 + 402817 - 26437. What is the tens digit of r?
6
Suppose -14812801 = 456*p - 43098025. What is the units digit of p?
9
Let u be 2/(5 + 4/(-4))*8. Let n(b) = -b**3 + b. Let y be n(0). What is the units digit of 20/(y + -3 + u)?
0
Suppose -f - 489 = -2*f. Let j = 33 + f. What is the hundreds digit of j?
5
Let o be -10726*(-4 - (-6 + 3)). Suppose -8999 = -15*f + o. What is the units digit of f?
5
Suppose 5*a + 39044 = -5*f + 187059, 0 = -4*a - 5*f + 118411. What is the units digit of a?
4
Let l = 66 - 68. Let n be (l - 3)*4/(-10). Suppose -454 = -n*z - z + 4*r, 2*z + 3*r = 331. What is the tens digit of z?
5
Let s(m) = 35*m + 1287. What is the units digit of s(0)?
7
Let o = -8 + 15. Suppose 14*w - 35 = o*w. Suppose 0 = -k + h + 100, -5*h - 88 = -w*k + 4*k. What is the hundreds digit of k?
1
Let q = -78 - -198. Let p = 393 - q. What is the units digit of p?
3
Let g = 3701 + 834. What is the units digit of g?
5
Let r = 12 - 10. Suppose -2*u = s - 3, -3*s - 7 + 8 = -r*u. What is the units digit of u?
1
Suppose 5*q - 13713 = 2577. Suppose 2*x - c = -3*c + q, 2*x - 3252 = 4*c. What is the thousands digit of x?
1
Suppose 4*r = 5*m + 20023 - 1068, 0 = 3*r - 3*m - 14217. What is the units digit of r?
0
Let u = 91878 - 62235. What is the ten thousands digit of u?
2
Let i = -1590 - -2967. Suppose -3*f + i = -f - h, 0 = -2*h + 6. Suppose 5*t = l - 246 + f, 3*t = -2*l + 269. What is the tens digit of t?
8
Suppose -5*i + 93796 = 4*w, -109*i + 112*i - 70350 = -3*w. What is the tens digit of w?
5
Let z(y) = -y**3 + 85*y**2 + 14*y + 5308. What is the hundreds digit of z(85)?
4
Suppose -4*c = 3*u, 4*c = 4*u + u. Suppose -a + 4*p + 510 = 0, u = -2*a - 8*p + 7*p + 1002. What is the units digit of a?
2
What is the tens digit of 30/(-55) + (-281856)/(-66)?
7
Let r = 57903 + -33347. What is the thousands digit of r?
4
Suppose 38*k - 44293 = 66553. What is the units digit of k?
7
Let x be -57*261/162 - 2/12. Let w = x + 323. What is the hundreds digit of w?
2
Let i = 27609 - 24469. What is the thousands digit of i?
3
Suppose 5*z - 23 - 27 = 0. Let t = -972 - -1683. Suppose z*m - v = 5*m + t, 5*m - 713 = 3*v. What is the units digit of m?
2
Let v = 1986 - 875. Let b = v - 332. What is the hundreds digit of b?
7
Suppose 8*q + 8 = 10*q, 3*q + 38865 = 3*b. What is the ten thousands digit of b?
1
Let b = -381 - 47. What is the hundreds digit of (b/(-16) + 2)/(1/12)?
3
Let o(v) = 2*v - 35*v**3 + 16*v**3 - 6*v**2 + 15*v**3 - 12 + 6*v**3. What is the tens digit of o(7)?
9
Let m be ((-1006)/4)/(30/12 - 3). Let h = 821 - m. What is the hundreds digit of h?
3
Suppose 2*y + 8610 = -4*y + 107220. What is the tens digit of y?
3
Suppose 0 = 2*g - 4*q - 8866, -4*g + 22836 - 5140 = q. What is the units digit of g?
5
Let a(o) = o**2 + 2. Let q(z) = -z**2 + 4*z + 40. Let p(j) = 6*a(j) + q(j). What is the hundreds digit of p(-11)?
6
Let i = 84 - 81. Suppose -3*u - 2*s + 335 = -3*s, 0 = 2*u + i*s - 216. What is the units digit of u?
1
Let z be (-1 - 1 - -8) + (548 - 65). Let h = -133 + z. What is the units digit of h?
6
Let m(q) = -3*q**3 - 5*q**2 + 13*q + 4. Let r be m(-7). Suppose 7*h = -r - 80. Let u = 185 + h. What is the units digit of u?
4
Let b = 640 - 638. What is the tens digit of ((-133131)/199)/((-5)/b - -1)?
4
Let o = 25788 - 12889. What is the units digit of o?
9
Let k(q) = 1358*q**2 + 52*q + 199. What is the ten thousands digit of k(-5)?
3
Suppose -4 = 62*l - 58*l. Let c(v) be the second derivative of -55*v**3/6 + v**2 + 2*v. What is the tens digit of c(l)?
5
Let k = 308 - 19. Suppose 0 = k*x - 281*x - 15664. What is the thousands digit of x?
1
Let c be 138/8*(-256)/(-192). Suppose -c*k + 207 = -14*k. What is the units digit of k?
3
Let n(s) = 5*s**3 + 18*s**2 + 9*s + 94. Let r(u) = 9*u**3 + 38*u**2 + 18*u + 187. Let h(c) = -7*n(c) + 4*r(c). What is the tens digit of h(-25)?
9
Let o(k) = -3*k**2 - 6*k - 4. Let n(g) = g**2 + g - 1. Suppose 2*y - y = 4*f + 17, -3*f - 7 = 5*y. Let c(l) = y*o(l) + 5*n(l). What is the units digit of c(-8)?
7
What is the tens digit of (5/((-45)/(-1))*9)/(1/52502)?
0
What is the tens digit of 2289 + 2 - 32/(10 + -14)?
9
Let t(u) = -40*u + 24. Let i be t(-7). Let g be 2409/5 - 8/(-40). Let n = g - i. What is the units digit of n?
8
Let a(p) be the second derivative of 7*p**5/120 + 7*p**4/8 + 7*p**3/3 - 12*p. Let i(r) be the second derivative of a(r). What is the tens digit of i(7)?
7
Let l(z) = 15*z - 19. Let y be l(27). What is the units digit of 1 + -2 + 4 + (y - 2)?
7
Let f = -770 - -766. What is the hundreds digit of (0 - -171) + f*14/56?
1
Suppose 0 = -i - 7*i - 0*i. Suppose -8*r - 2*r - 930 = i. Let j = r - -280. What is the units digit of j?
7
Let s(i) = -i**2 + 3*i + 1. Let f be s